{"id":43,"date":"2023-07-03T13:29:09","date_gmt":"2023-07-03T13:29:09","guid":{"rendered":"https:\/\/steinkjerfrisbeeklubb.no\/wordpress\/?page_id=43"},"modified":"2023-07-04T08:14:12","modified_gmt":"2023-07-04T08:14:12","slug":"hvor-kan-jeg-spille","status":"publish","type":"page","link":"https:\/\/www.steinkjerfrisbeeklubb.no\/index.php\/hvor-kan-jeg-spille\/","title":{"rendered":"Hvor kan jeg spille?"},"content":{"rendered":"\n<p>Det er to baner i n\u00e6romr\u00e5det i Steinkjer &#8211; en p\u00e5 Guldbergaunet og en p\u00e5 Lerkehaug. Banen p\u00e5 Guldbergaunet er en 9-hulls bane som passer for alle, inkludert nybegynnere og barn. Banen ligger p\u00e5 <a href=\"https:\/\/goo.gl\/maps\/hWRee9rxPDxYs1gd9\">Guldbergaunet Stadion<\/a> (<a href=\"https:\/\/discgolfmetrix.com\/course\/30600\" target=\"_blank\" rel=\"noreferrer noopener\">Disc Golf Metrix link<\/a>) og hullene er bygd ved siden av b\u00e5de friidrettsbane og fotballbaner. Husk \u00e5 v\u00e6r forsiktig med \u00e5 kaste disker der det kan v\u00e6re fare for \u00e5 treffe folk.<\/p>\n\n\n\n<p>Banen p\u00e5 Lerkehaug, som er en 18-hulls bane, er litt vanskeligere enn banen p\u00e5 Guldbergaunet. Den byr p\u00e5 utfordrende og varierte hull p\u00e5 et kjempefint omr\u00e5de. <a href=\"https:\/\/goo.gl\/maps\/PWbd1dn3GFvpquA8A\">Lerkehaug Discgolfpark<\/a> (<a href=\"https:\/\/discgolfmetrix.com\/course\/33807\" target=\"_blank\" rel=\"noreferrer noopener\">Disc Golf Metrix link<\/a>) ble \u00e5pnet i 2020 og har siden den tid blitt b\u00e5de finere og bedre takket v\u00e6re hyppig dugnadsinnsats og noen ildsjeler som virkelig bryr seg om banen. <\/p>\n\n\n\n<figure class=\"wp-block-image size-large is-style-default\"><img decoding=\"async\" loading=\"lazy\" width=\"1024\" height=\"603\" src=\"https:\/\/steinkjerfrisbeeklubb.no\/wordpress\/wp-content\/uploads\/2023\/07\/sfk-kart-1024x603.png\" alt=\"\" class=\"wp-image-44\" srcset=\"https:\/\/www.steinkjerfrisbeeklubb.no\/wp-content\/uploads\/2023\/07\/sfk-kart-1024x603.png 1024w, https:\/\/www.steinkjerfrisbeeklubb.no\/wp-content\/uploads\/2023\/07\/sfk-kart-300x177.png 300w, https:\/\/www.steinkjerfrisbeeklubb.no\/wp-content\/uploads\/2023\/07\/sfk-kart-768x452.png 768w, https:\/\/www.steinkjerfrisbeeklubb.no\/wp-content\/uploads\/2023\/07\/sfk-kart-128x75.png 128w, https:\/\/www.steinkjerfrisbeeklubb.no\/wp-content\/uploads\/2023\/07\/sfk-kart-32x19.png 32w, https:\/\/www.steinkjerfrisbeeklubb.no\/wp-content\/uploads\/2023\/07\/sfk-kart.png 1400w\" sizes=\"(max-width: 1024px) 100vw, 1024px\" \/><\/figure>\n\n\n\n<p>Andre baner i n\u00e6rheten:<\/p>\n\n\n\n<ul>\n<li>M\u00e6re landbruksfrisbee: <a rel=\"noreferrer noopener\" href=\"https:\/\/discgolfmetrix.com\/course\/29594\" target=\"_blank\">https:\/\/discgolfmetrix.com\/course\/29594<\/a><\/li>\n\n\n\n<li>Skrubben Frisbeebane (Malm): <a href=\"https:\/\/discgolfmetrix.com\/course\/28144\" target=\"_blank\" rel=\"noreferrer noopener\">https:\/\/discgolfmetrix.com\/course\/28144<\/a><\/li>\n\n\n\n<li>\u00d8rin Discgolfpark (Verdal): <a href=\"https:\/\/discgolfmetrix.com\/course\/33269\" target=\"_blank\" rel=\"noreferrer noopener\">https:\/\/discgolfmetrix.com\/course\/33269<\/a><\/li>\n\n\n\n<li>Staupshaugen, Levanger: <a href=\"https:\/\/discgolfmetrix.com\/course\/19590\" target=\"_blank\" rel=\"noreferrer noopener\">https:\/\/discgolfmetrix.com\/course\/19590<\/a><\/li>\n<\/ul>\n","protected":false},"excerpt":{"rendered":"<p>Det er to baner i n\u00e6romr\u00e5det i Steinkjer &#8211; en p\u00e5 Guldbergaunet og en p\u00e5 Lerkehaug. Banen p\u00e5 Guldbergaunet er [&hellip;]<\/p>\n","protected":false},"author":1,"featured_media":44,"parent":0,"menu_order":0,"comment_status":"closed","ping_status":"closed","template":"","meta":[],"_links":{"self":[{"href":"https:\/\/www.steinkjerfrisbeeklubb.no\/index.php\/wp-json\/wp\/v2\/pages\/43"}],"collection":[{"href":"https:\/\/www.steinkjerfrisbeeklubb.no\/index.php\/wp-json\/wp\/v2\/pages"}],"about":[{"href":"https:\/\/www.steinkjerfrisbeeklubb.no\/index.php\/wp-json\/wp\/v2\/types\/page"}],"author":[{"embeddable":true,"href":"https:\/\/www.steinkjerfrisbeeklubb.no\/index.php\/wp-json\/wp\/v2\/users\/1"}],"replies":[{"embeddable":true,"href":"https:\/\/www.steinkjerfrisbeeklubb.no\/index.php\/wp-json\/wp\/v2\/comments?post=43"}],"version-history":[{"count":3,"href":"https:\/\/www.steinkjerfrisbeeklubb.no\/index.php\/wp-json\/wp\/v2\/pages\/43\/revisions"}],"predecessor-version":[{"id":78,"href":"https:\/\/www.steinkjerfrisbeeklubb.no\/index.php\/wp-json\/wp\/v2\/pages\/43\/revisions\/78"}],"wp:featuredmedia":[{"embeddable":true,"href":"https:\/\/www.steinkjerfrisbeeklubb.no\/index.php\/wp-json\/wp\/v2\/media\/44"}],"wp:attachment":[{"href":"https:\/\/www.steinkjerfrisbeeklubb.no\/index.php\/wp-json\/wp\/v2\/media?parent=43"}],"curies":[{"name":"wp","href":"https:\/\/api.w.org\/{rel}","templated":true}]}}