{"id":97,"date":"2023-08-08T21:54:13","date_gmt":"2023-08-08T21:54:13","guid":{"rendered":"https:\/\/www.steinkjerfrisbeeklubb.no\/?page_id=97"},"modified":"2023-08-08T22:05:03","modified_gmt":"2023-08-08T22:05:03","slug":"lost-disk","status":"publish","type":"page","link":"https:\/\/www.steinkjerfrisbeeklubb.no\/index.php\/lost-disk\/","title":{"rendered":"Lost disk!"},"content":{"rendered":"\n<p>Vi er n\u00e5 i gang med registrering av disker tapt og funnet p\u00e5 Lerkehaug, p\u00e5 www.lostdisc.no<\/p>\n\n\n\n<p>Om du ikke har gjort det alt, lag deg en bruker der og f\u00e5 beskjed n\u00e5r disken din er funnet og registrert!<\/p>\n\n\n\n<figure class=\"wp-block-image size-full\"><img decoding=\"async\" loading=\"lazy\" width=\"639\" height=\"855\" src=\"https:\/\/www.steinkjerfrisbeeklubb.no\/wp-content\/uploads\/2023\/08\/Lostdisc-1.jpg\" alt=\"\" class=\"wp-image-98\" srcset=\"https:\/\/www.steinkjerfrisbeeklubb.no\/wp-content\/uploads\/2023\/08\/Lostdisc-1.jpg 639w, https:\/\/www.steinkjerfrisbeeklubb.no\/wp-content\/uploads\/2023\/08\/Lostdisc-1-224x300.jpg 224w, https:\/\/www.steinkjerfrisbeeklubb.no\/wp-content\/uploads\/2023\/08\/Lostdisc-1-96x128.jpg 96w, https:\/\/www.steinkjerfrisbeeklubb.no\/wp-content\/uploads\/2023\/08\/Lostdisc-1-24x32.jpg 24w\" sizes=\"(max-width: 639px) 100vw, 639px\" \/><\/figure>\n","protected":false},"excerpt":{"rendered":"<p>Vi er n\u00e5 i gang med registrering av disker tapt og funnet p\u00e5 Lerkehaug, p\u00e5 www.lostdisc.no Om du ikke har [&hellip;]<\/p>\n","protected":false},"author":2,"featured_media":101,"parent":0,"menu_order":1,"comment_status":"closed","ping_status":"closed","template":"","meta":[],"_links":{"self":[{"href":"https:\/\/www.steinkjerfrisbeeklubb.no\/index.php\/wp-json\/wp\/v2\/pages\/97"}],"collection":[{"href":"https:\/\/www.steinkjerfrisbeeklubb.no\/index.php\/wp-json\/wp\/v2\/pages"}],"about":[{"href":"https:\/\/www.steinkjerfrisbeeklubb.no\/index.php\/wp-json\/wp\/v2\/types\/page"}],"author":[{"embeddable":true,"href":"https:\/\/www.steinkjerfrisbeeklubb.no\/index.php\/wp-json\/wp\/v2\/users\/2"}],"replies":[{"embeddable":true,"href":"https:\/\/www.steinkjerfrisbeeklubb.no\/index.php\/wp-json\/wp\/v2\/comments?post=97"}],"version-history":[{"count":1,"href":"https:\/\/www.steinkjerfrisbeeklubb.no\/index.php\/wp-json\/wp\/v2\/pages\/97\/revisions"}],"predecessor-version":[{"id":99,"href":"https:\/\/www.steinkjerfrisbeeklubb.no\/index.php\/wp-json\/wp\/v2\/pages\/97\/revisions\/99"}],"wp:featuredmedia":[{"embeddable":true,"href":"https:\/\/www.steinkjerfrisbeeklubb.no\/index.php\/wp-json\/wp\/v2\/media\/101"}],"wp:attachment":[{"href":"https:\/\/www.steinkjerfrisbeeklubb.no\/index.php\/wp-json\/wp\/v2\/media?parent=97"}],"curies":[{"name":"wp","href":"https:\/\/api.w.org\/{rel}","templated":true}]}}